{"id":13898,"date":"2014-10-30T08:24:59","date_gmt":"2014-10-30T07:24:59","guid":{"rendered":"http:\/\/blog-corbeil-essonnes.fr\/WordPress3\/?page_id=13898"},"modified":"2014-12-03T13:13:39","modified_gmt":"2014-12-03T12:13:39","slug":"le-coin-lectures","status":"publish","type":"page","link":"https:\/\/blog-corbeil-essonnes.fr\/WordPress3\/le-coin-lectures\/","title":{"rendered":"Le coin lectures"},"content":{"rendered":"<p>Sur cette page vous trouverez des liens sur des billets concernant des livres que j&rsquo;ai particuli\u00e8rement appr\u00e9ci\u00e9s. Ces liens s&rsquo;\u00e9tofferont petit \u00e0 petit. Vous trouverez bien s\u00fbr des livres li\u00e9s \u00e0 mes activit\u00e9s politiques mais aussi d&rsquo;autres qui vous surprendront peut-\u00eatre.<\/p>\n<p>&nbsp;<\/p>\n<p>Parit\u00e9 Circus Article du 1er ao\u00fbt 2008<\/p>\n<p>&nbsp;<\/p>\n<p>&nbsp;<\/p>\n<p>&nbsp;<\/p>\n<p>Comment Nicoals Sarkozy \u00e9crit l&rsquo;histoire de France<\/p>\n<p>&nbsp;<\/p>\n<p>Article Histoire et politique du 17 ao\u00fbt 2008<\/p>\n<p>&nbsp;<\/p>\n<p>&nbsp;<\/p>\n<p>&nbsp;<\/p>\n<p>\u00ab\u00a0Au coeur de Front de Gauche\u00a0\u00bb d&rsquo;Eric COQUEREL<\/p>\n<p>&nbsp;<\/p>\n<p>21 novembre 2012<\/p>\n","protected":false},"excerpt":{"rendered":"<p>Sur cette page vous trouverez des liens sur des billets concernant des livres que j&rsquo;ai particuli\u00e8rement appr\u00e9ci\u00e9s. Ces liens s&rsquo;\u00e9tofferont petit \u00e0 petit. Vous trouverez &hellip; <\/p>\n","protected":false},"author":2,"featured_media":0,"parent":0,"menu_order":0,"comment_status":"open","ping_status":"open","template":"","meta":{"jetpack_post_was_ever_published":false},"jetpack_sharing_enabled":true,"_links":{"self":[{"href":"https:\/\/blog-corbeil-essonnes.fr\/WordPress3\/wp-json\/wp\/v2\/pages\/13898"}],"collection":[{"href":"https:\/\/blog-corbeil-essonnes.fr\/WordPress3\/wp-json\/wp\/v2\/pages"}],"about":[{"href":"https:\/\/blog-corbeil-essonnes.fr\/WordPress3\/wp-json\/wp\/v2\/types\/page"}],"author":[{"embeddable":true,"href":"https:\/\/blog-corbeil-essonnes.fr\/WordPress3\/wp-json\/wp\/v2\/users\/2"}],"replies":[{"embeddable":true,"href":"https:\/\/blog-corbeil-essonnes.fr\/WordPress3\/wp-json\/wp\/v2\/comments?post=13898"}],"version-history":[{"count":0,"href":"https:\/\/blog-corbeil-essonnes.fr\/WordPress3\/wp-json\/wp\/v2\/pages\/13898\/revisions"}],"wp:attachment":[{"href":"https:\/\/blog-corbeil-essonnes.fr\/WordPress3\/wp-json\/wp\/v2\/media?parent=13898"}],"curies":[{"name":"wp","href":"https:\/\/api.w.org\/{rel}","templated":true}]}}

<p>Sur cette page vous trouverez des liens sur des billets concernant des livres que j&rsquo;ai particulièrement appréciés. Ces liens s&rsquo;étofferont petit à petit. Vous trouverez bien sûr des livres liés à mes activités politiques mais aussi d&rsquo;autres qui vous surprendront peut-être.</p>
<p>&nbsp;</p>
<p>Parité Circus Article du 1er août 2008</p>
<p>&nbsp;</p>
<p>&nbsp;</p>
<p>&nbsp;</p>
<p>Comment Nicoals Sarkozy écrit l&rsquo;histoire de France</p>
<p>&nbsp;</p>
<p>Article Histoire et politique du 17 août 2008</p>
<p>&nbsp;</p>
<p>&nbsp;</p>
<p>&nbsp;</p>
<p>« Au coeur de Front de Gauche » d&rsquo;Eric COQUEREL</p>
<p>&nbsp;</p>
<p>21 novembre 2012</p>

<p>Sur cette page vous trouverez des liens sur des billets concernant des livres que j&rsquo;ai particulièrement appréciés. Ces liens s&rsquo;étofferont petit à petit. Vous trouverez &hellip; </p>
